ctors of 28417.
157, 181
List the prime factors of 10411.
29, 359
List the prime factors of 25585.
5, 7, 17, 43
What are the prime factors of 12221?
11, 101
List the prime factors of 28211.
28211
List the prime factors of 8623.
8623
What are the prime factors of 19443?
3, 6481
List the prime factors of 9021.
3, 31, 97
List the prime factors of 2120.
2, 5, 53
What are the prime factors of 3371?
3371
What are the prime factors of 7438?
2, 3719
List the prime factors of 6556.
2, 11, 149
What are the prime factors of 9744?
2, 3, 7, 29
What are the prime factors of 4314?
2, 3, 719
List the prime factors of 481.
13, 37
What are the prime factors of 4205?
5, 29
What are the prime factors of 42311?
29, 1459
What are the prime factors of 199?
199
What are the prime factors of 1703?
13, 131
What are the prime factors of 11020?
2, 5, 19, 29
List the prime factors of 14796.
2, 3, 137
What are the prime factors of 287?
7, 41
What are the prime factors of 12580?
2, 5, 17, 37
What are the prime factors of 950?
2, 5, 19
List the prime factors of 49097.
29, 1693
List the prime factors of 50354.
2, 17, 1481
What are the prime factors of 58956?
2, 3, 17
List the prime factors of 777.
3, 7, 37
What are the prime factors of 31987?
29, 1103
What are the prime factors of 2202?
2, 3, 367
What are the prime factors of 113850?
2, 3, 5, 11, 23
List the prime factors of 437.
19, 23
List the prime factors of 43814.
2, 19, 1153
What are the prime factors of 20257?
47, 431
List the prime factors of 4628.
2, 13, 89
List the prime factors of 5853.
3, 1951
What are the prime factors of 827?
827
List the prime factors of 14218.
2, 7109
List the prime factors of 737.
11, 67
What are the prime factors of 1003?
17, 59
What are the prime factors of 110785?
5, 22157
List the prime factors of 13638.
2, 3, 2273
List the prime factors of 834.
2, 3, 139
What are the prime factors of 70691?
223, 317
What are the prime factors of 18717?
3, 17, 367
What are the prime factors of 145265?
5, 17, 1709
What are the prime factors of 5761?
7, 823
List the prime factors of 19453.
7, 397
List the prime factors of 28338.
2, 3, 4723
List the prime factors of 4319.
7, 617
List the prime factors of 2950.
2, 5, 59
What are the prime factors of 21207?
3, 7069
What are the prime factors of 29755?
5, 11, 541
List the prime factors of 30375.
3, 5
What are the prime factors of 43?
43
What are the prime factors of 42389?
19, 23, 97
What are the prime factors of 46358?
2, 13, 1783
List the prime factors of 1099.
7, 157
What are the prime factors of 502?
2, 251
What are the prime factors of 2972?
2, 743
List the prime factors of 141380.
2, 5, 7069
What are the prime factors of 65072?
2, 7, 83
List the prime factors of 30229.
19, 37, 43
What are the prime factors of 1958?
2, 11, 89
What are the prime factors of 35891?
19, 1889
List the prime factors of 7253.
7253
What are the prime factors of 34285?
5, 6857
What are the prime factors of 12805?
5, 13, 197
What are the prime factors of 3253?
3253
What are the prime factors of 25000?
2, 5
What are the prime factors of 837?
3, 31
List the prime factors of 35902.
2, 29, 619
What are the prime factors of 10856?
2, 23, 59
What are the prime factors of 1052?
2, 263
List the prime factors of 67234.
2, 33617
What are the prime factors of 4724?
2, 1181
List the prime factors of 50528.
2, 1579
What are the prime factors of 9710?
2, 5, 971
List the prime factors of 2987.
29, 103
What are the prime factors of 12431?
31, 401
List the prime factors of 38390.
2, 5, 11, 349
List the prime factors of 5898.
2, 3, 983
List the prime factors of 30310.
2, 5, 7, 433
List the prime factors of 64.
2
List the prime factors of 20466.
2, 3, 379
What are the prime factors of 9750?
2, 3, 5, 13
What are the prime factors of 1782?
2, 3, 11
What are the prime factors of 6160?
2, 5, 7, 11
List the prime factors of 3006.
2, 3, 167
List the prime factors of 937.
937
What are the prime factors of 924?
2, 3, 7, 11
List the prime factors of 490.
2, 5, 7
List the prime factors of 162001.
7, 23143
What are the prime factors of 10922?
2, 43, 127
List the prime factors of 10990.
2, 5, 7, 157
List the prime factors of 2645.
5, 23
List the prime factors of 2081.
2081
What are the prime factors of 10358?
2, 5179
List the prime factors of 1033.
1033
What are the prime factors of 31404?
2, 3, 2617
What are the prime factors of 63670?
2, 5, 6367
What are the prime factors of 38172?
2, 3, 3181
What are the prime factors of 175?
5, 7
List the prime factors of 793.
13, 61
What are the prime factors of 2463?
3, 821
List the prime factors of 499.
499
What are the prime factors of 12230?
2, 5, 1223
List the prime factors of 1329.
3, 443
What are the prime factors of 2310?
2, 3, 5, 7, 11
What are the prime factors of 11934?
2, 3, 13, 17
List the prime factors of 100813.
73, 1381
What are the prime factors of 17697?
3, 17, 347
What are the prime factors of 3046?
2, 1523
List the prime factors of 1220.
2, 5, 61
What are the prime factors of 339?
3, 113
List the prime factors of 3242.
2, 1621
What are the prime factors of 56882?
2, 7, 17, 239
What are the prime factors of 4696?
2, 587
List the prime factors of 2141.
2141
What are the prime factors of 61803?
3, 7, 109
List the prime factors of 1780.
2, 5, 89
What are the prime factors of 65340?
2, 3, 5, 11
What are the prime factors of 106080?
2, 3, 5, 13, 17
List the prime factors of 8186.
2, 4093
List the prime factors of 1785.
3, 5, 7, 17
What are the prime factors of 4580?
2, 5, 229
What are the prime factors of 2470?
2, 5, 13, 19
List the prime factors of 2139.
3, 23, 31
List the prime factors of 33323.
47, 709
What are the prime factors of 3236?
2, 809
What are the prime factors of 7749?
3, 7, 41
What are the prime factors of 4366?
2, 37, 59
What are the prime factors of 64201?
19, 31, 109
What are the prime factors of 170?
2, 5, 17
What are the prime factors of 11345?
5, 2269
What are the prime factors of 1222?
2, 13, 47
List the prime factors of 98584.
2, 12323
List the prime factors of 14435.
5, 2887
List the prime factors of 60403.
7, 8629
What are the prime factors of 7452?
2, 3, 23
List the prime factors of 13637.
13, 1049
List the prime factors of 48898.
2, 23, 1063
List the prime factors of 16606.
2, 19, 23
What are the prime factors of 64850?
2, 5, 1297
List the prime factors of 8414.
2, 7, 601
List the prime factors of 30964.
2, 7741
List the prime factors of 13752.
2, 3, 191
What are the prime factors of 15716?
2, 3929
What are the prime factors of 7191?
3, 17, 47
List the prime factors of 100567.
19, 67, 79
List the prime factors of 1187.
1187
What are the prime factors of 45448?
2, 13, 19, 23
What are the prime factors of 53298?
2, 3, 7, 47
List the prime factors of 6371.
23, 277
What are the prime factors of 52426?
2, 11, 2383
List the prime factors of 56012.
2, 11, 19, 67
What are the prime factors of 2164?
2, 541
List the prime factors of 284.
2, 71
What are the prime factors of 3303?
3, 367
List the prime factors of 1292.
2, 17, 19
What are the prime factors of 523?
523
List the prime factors of 3061.
3061
List the prime factors of 4652.
2, 1163
What are the prime factors of 1301?
1301
List the prime factors of 735.
3, 5, 7
What are the prime factors of 771?
3, 257
List the prime factors of 3813.
3, 31, 41
What are the prime factors of 7334?
2, 19, 193
List the prime factors of 325.
5, 13
What are the prime factors of 7882?
2, 7, 563
List the prime factors of 50894.
2, 25447
List the prime factors of 6857.
6857
List the prime factors of 72805.
5, 14561
List the prime factors of 3107.
13, 239
What are the prime factors of 923?
13, 71
What are the prime factors of 9499?
7, 23, 59
List the prime factors of 26741.
11, 13, 17
What are the prime factors of 3074?
2, 29, 53
List the prime factors of 789.
3, 263
List the prime factors of 1959.
3, 653
What are the prime factors of 9781?
9781
What are the prime factors of 1279?
1279
List the prime factors of 3103.
29, 107
List the prime factors of 70.
2, 5, 7
What are the prime factors of 1643?
31, 53
List the prime factors of 1013.
1013
List the prime factors of 6693.
3, 23, 97
List the prime factors of 62627.
62627
List the prime factors of 4332.
2, 3, 19
List the prime factors of 425.
5, 17
What are th